0 - j. Is m a prime number?
False
Let n(w) = -475*w**2 + 3*w - 23. Let p be n(5). Let i = 22610 + p. Is i prime?
False
Is (-135)/(-216) + (-11202764)/(-32) a prime number?
True
Let f = 434 + 370. Let v = f - 387. Suppose -o + c = -472, -51 = -o + 5*c + v. Is o a prime number?
False
Let j = 497718 + -275611. Is j a composite number?
False
Let w(f) = 43*f**2 - 16*f**2 + 13*f**2 - 7 - 26*f. Is w(-8) prime?
False
Let q(s) = 1485*s**2 - 456*s + 4080. Is q(9) prime?
False
Suppose 3*v + 4*t = -2 - 10, -5*v - 2*t = 20. Let y be (v - -3) + 1403 - 1. Let u = -392 + y. Is u composite?
False
Let p = -5157 - 1990. Let g = -4110 - p. Is g prime?
True
Let t = 12453 + 38528. Is t a composite number?
True
Suppose 2*s - 1785 = 5*s. Let h(p) = -8*p - 70. Let g be h(-2). Let u = g - s. Is u a composite number?
False
Let d(x) = 7*x**2 - 15*x + 45. Let u be d(6). Let c = u + 802. Is c a prime number?
True
Let o = -23 + 26. Suppose 11*x - 16*x + 2*u = -189765, 4*x = -o*u + 151789. Is x a prime number?
True
Suppose -2*n - h + 31 = 0, -2*n + 2*h + 36 - 2 = 0. Let w(d) = 2*d**3 - 3*d**2 + 11*d + 27. Is w(n) prime?
False
Let c = -398128 + 710285. Is c a prime number?
False
Suppose -223*c = -12*c - 222273 - 600416. Is c a composite number?
True
Suppose -43*z = -52*z + 45. Suppose 0 = 4*s + 8, -z*s = -0*t + 4*t - 4258. Is t composite?
True
Let a = -76 + 51. Let z = 35 + a. Suppose -5*s = -k + 2284, -s + 3*s - z = 0. Is k composite?
False
Suppose -4*c + z + 145 = 0, 4*c - 5*z - 132 = 1. Let p = 33 - c. Is (3086/4)/((-2)/p + 0) a prime number?
True
Let m = 69368 - 19177. Is m a composite number?
True
Let o(t) = -t**2 + 12*t + 3. Let m be o(12). Suppose 4*d - m*b = 332, -12*d - 3*b = -8*d - 332. Is d prime?
True
Let l = 3709 - 7313. Let k = -1565 - l. Is k prime?
True
Suppose 0 = -4*a - 4*d + 11288, 0 = -5*a + 48*d - 50*d + 14095. Let r = 4340 - a. Is r a prime number?
True
Let o(m) = m**2 - 13. Let k be o(5). Suppose -5*w = -13 - k. Suppose -l = -w*h - 158, -3*l - 3*h + 488 = -4*h. Is l a composite number?
False
Is (-70467)/(-22) + (-140)/3080 a prime number?
True
Suppose 0 = -7*a + 2*a - 3200. Let s = 10283 + a. Is s composite?
False
Suppose 2419079 + 5712507 = 35*y + 2293551. Is y a composite number?
True
Suppose 11*a - 6396 - 101789 = 0. Suppose 4*f = -v + 2455, -5*v = -v + f - a. Is v a composite number?
False
Let r(g) = -2682*g - 493. Is r(-30) prime?
True
Is (-90)/(-10) + (67585 - -7) a composite number?
False
Let l = 547819 + -315918. Is l a composite number?
False
Let a(u) = u**3 - 5*u**2 + 5*u + 1. Let w be a(4). Suppose -b + 0*t = -w*t + 12, 0 = t - 2. Let q(l) = -69*l**3 - 2*l**2 - 3. Is q(b) a composite number?
False
Let f be ((-132)/(-11))/2 + -6. Suppose 2*n = 8, 0*x - n = 2*x - 18018. Suppose -5*q + 0*r + 2*r + x = f, -5*r + 9000 = 5*q. Is q composite?
False
Let d(a) = 8*a - 22. Let x be d(3). Suppose 2*h - 5*h + 16143 = -x*y, 4*y = 3*h - 16143. Is h composite?
False
Let b be (-2)/13 + 3/(78/(-13828)). Let m = -1014 + b. Let i = m + 2669. Is i a prime number?
True
Let t(j) = 99*j**2 + j + 1. Let p(m) = -2*m + 10 + m**2 - 14*m + 3*m. Let c be p(12). Is t(c) a composite number?
True
Let t(v) = 2*v**2 + 5 + v**2 - 9*v + 32*v - 16. Let u be (-305)/(-20) - 1/4. Is t(u) a prime number?
True
Let f be ((-15)/6)/(1/12). Let g(b) = b**3 + 51*b**2 - b - 3. Let s be g(f). Suppose -8*y + 9561 = -s. Is y prime?
False
Let p = -29695 - -49356. Is p composite?
False
Is ((2/(-3))/(8/(-1558302)))/((-20)/(-40)) a prime number?
True
Is 1/1 - (-157855 - 1 - -16) a composite number?
False
Let p be ((-198)/(-54))/((-1)/9606). Is (p/(-88))/((-90)/(-88) - 1) a composite number?
True
Let b be 4407 + -4 + 24/2. Let h(u) = -u**2 + 4. Let r be h(0). Suppose -r*o + 6021 = -b. Is o prime?
True
Suppose -5*y - 10*x + 70055 = 0, 9*y + 3*x - 28028 = 7*y. Is y a prime number?
False
Let f = -1426 - -811. Let r be 2/(-11) + (f/(-55) - 3). Suppose -r*l = -10*l + 1906. Is l a composite number?
False
Suppose 287*f - 289*f - 22800 = -2*y, -3*f - 22799 = -2*y. Is y a prime number?
False
Let l = -1804 + 9575. Is l composite?
True
Let z = 1193 + -247. Suppose 0*p - 3*p + 3*m + 2928 = 0, 5*m - z = -p. Is p prime?
True
Let s = -182 - -64. Is (s/(-1) - 2)*69/12 composite?
True
Let r(w) = 337*w**3 + 13*w**2 + 4*w + 123. Is r(8) a prime number?
True
Suppose 3*b - 2*b + g = 20430, 5*g = 4*b - 81738. Suppose 2*y - 11*m + 13*m = 10204, 0 = 4*y - 4*m - b. Is y prime?
False
Suppose 26*q + 6 = 25*q + 4*u, -3*u = -6. Let a(l) = -4*l - 4. Let c be a(-3). Suppose c*n = -q*n + 7430. Is n composite?
False
Let b be (-2)/(-14) - (0 - 1312/28). Suppose -b*v - 8336 = -63*v. Is v a prime number?
True
Let x = -2196 - -4905. Let u = x - 1596. Suppose 2*m - m - 215 = 4*w, -u = -5*m + w. Is m a prime number?
True
Suppose 0*b = -4*b, -i = -b - 2605. Suppose -5*l + 4*k + i = 6*k, -5*l + 2605 = 3*k. Is l a prime number?
True
Suppose 6*p = -0 + 24. Suppose -4*q + 8*k - 3*k = 34, k = -p*q - 22. Is q/9 - 4678/(-6) composite?
True
Let u(m) be the third derivative of -25*m**4/24 - 2*m**3/3 + m**2. Suppose -3*l - 149 + 146 = 2*i, -13 = 5*i + 2*l. Is u(i) composite?
False
Suppose -5*g = 5*n + 9780, 2*g + 3907 = 13*n - 10*n. Let j = g + 6342. Is j prime?
False
Suppose 0 = -2*u - 5*d + 223046 + 20956, -2*d - 8 = 0. Is u a prime number?
True
Let u be (8/(-6) - -2)/(2/2550). Let k be (-4)/18 - u/(-18). Suppose 1230 = 2*w - 4*o, -2*w - 3*o + 1305 = k. Is w prime?
False
Let c(a) = a**3 + 6*a**2 + 5*a + 5. Let g be c(-2). Let q(j) = -13*j + 8. Let y be q(-10). Let k = y + g. Is k composite?
False
Suppose 2*q + 5*c - 12 = 2*c, 2*q = 3*c. Let u(z) = z**3 + 3 + 8*z**2 - 2 + 2*z**3 - 4 - q*z. Is u(5) composite?
False
Suppose 4*y = -3*g + 373461, -3*g = 3*y - 4*y - 373461. Is g composite?
True
Suppose 34*p - 12620800 = 2*p - 875744. Is p prime?
True
Let l = 7 - 112. Is (-3115)/(-3) + (-70)/l a prime number?
True
Let c = 61 - 61. Suppose c = 5*d - 5 - 100. Is 14/d*(-714)/(-4) composite?
True
Is 3*10656596/96 + 1/(8/3) a prime number?
True
Let z(t) = -t**3 + 7*t**2 - 2*t + 17. Let j be z(7). Suppose 0 = -o - j*o + 4*k + 2208, -3*o = -k - 1658. Is o prime?
False
Let g = 243139 - 148146. Is g prime?
True
Suppose 0 = 3*u - 3, -2*k + 204971 = -5*u + 32438. Is k composite?
False
Let s(j) = 64107*j + 555. Is s(2) prime?
False
Suppose -9 = -5*a + 6, -541064 = -5*i - 3*a. Is i prime?
True
Let x(i) = 239*i**3 + 6*i**2 + 5*i + 16. Let y be x(-8). Is 2/(-7)*-1 - y/56 a prime number?
True
Let g be (-24)/60 + (-1 - (-704)/10). Let s = g - 55. Suppose -3*x - s = -2, -x + 502 = 2*q. Is q a composite number?
True
Is 57866/(-6)*205*84/(-140) prime?
False
Let z be ((198/4)/(-9))/((-2)/332472). Suppose -z = -30*k - 12*k. Is k composite?
True
Let b(n) = 392*n + 21. Let w(h) = h**3 - 11*h**2 + h - 11. Let l be w(11). Suppose 11*m - 46 + 2 = l. Is b(m) composite?
True
Let d(q) = -q**2 + 11*q - 12. Suppose 6*n - 45 = n. Let t be d(n). Suppose t*l + 191 = 701. Is l a prime number?
False
Let n(v) = -v - 2. Let m be (-4 - 0 - 0) + 1. Let o be n(m). Is 473 + o + 0 + -1 a composite number?
True
Is (444995 + 5 - 4) + (-10 - -5) a prime number?
False
Let r = -2109 - 3964. Let v = 3460 - r. Is v a prime number?
True
Let s(a) = -2*a**3 + 24*a**2 + 2. Let t be s(12). Suppose 4*n = t*n + 4634. Is n composite?
True
Let a be -3*(1 - (-10)/(-3)). Suppose 0 = -a*k + 1553 + 806. Is k a prime number?
True
Suppose -5*n - 39*b + 405611 = -43*b, -5*b - 243377 = -3*n. Is n a prime number?
True
Suppose -3*r = s - 39236, 5*s - 109*r + 112*r = 196240. Is s composite?
False
Let t = 405 - 277. Suppose l + t = 26. Let f = 467 + l. Is f composite?
True
Let s(i) be the second derivative of i**5/30 - 5*i**4/12 + 7*i**3/6 - 5*i**2/2 + 19*i. Let l(v) be the first derivative of s(v). Is l(-16) a composite number?
True
Suppose -147*i - 114022 = -153301 - 1026324. Is i composite?
True
Is ((-135)/(-10))/9*(-11)/((-264)/639472) a prime number?
False
Let i be -7*-3*2/6. Let y = i - 2. Is (-29)/145*y*-977 composite?
False
Let i = 335 - 697. Let h = 915 - i. Is h a prime number?
True
Let s = 22703 - 18805. Is s a composite number?
True
Is 128923 - -1*(-3)/(-6)*264/(-22) composite?
True
Let d(r) = r**2 - 6*r + 7. Suppose -43*g + 41*g = -6. Suppose 2*c - 4*c - 28 = -g*x, 20 = -4*c. Is d(x) a prime number?
True
